. Calculate p(-7).
-1
Let q(l) = -l - 13. What is q(-15)?
2
Let c(g) = g**3 - 21*g**2 + 15*g + 98. Calculate c(20).
-2
Let m(l) = -l**3 + 2*l**2 + 14*l + 15. Determine m(5).
10
Let f(o) = o**3 + 6*o**2 - o - 10. Determine f(-6).
-4
Let o(a) = -a**2 - 9*a - 19. Determine o(-8).
-11
Let m(o) = o**2 - 20*o + 51. Calculate m(5).
-24
Let n(u) = -3*u + 3. Give n(-4).
15
Let j(q) = -6*q - 1. Calculate j(4).
-25
Let i(q) = -q + 5. Determine i(9).
-4
Let c(j) = j**3 - j**2 - 2*j - 5. Give c(3).
7
Let q(d) = d**2 - 12*d - 3. Give q(12).
-3
Let a(y) = -14*y - 24. Determine a(-2).
4
Let l(d) = -d**2 + 2. Give l(-2).
-2
Let f(g) = g**2 - 15*g - 80. Calculate f(-4).
-4
Let c(q) = q**2 + 89*q - 1205. What is c(-101)?
7
Let x(h) = -3*h**2 - 5*h - 2. Determine x(-2).
-4
Let o(t) = -t**2 - 15*t + 57. Calculate o(-18).
3
Let d(f) = 17*f**3 + 4*f**2 - 6*f + 4. Determine d(1).
19
Let h(t) = 2*t**2 + t - 5. Calculate h(4).
31
Let x(d) = d**3 - 18*d**2 + 20*d - 17. Give x(17).
34
Let w(f) = 3*f + 104. Calculate w(-40).
-16
Let y(w) = -w**3 + 12*w**2 - 7*w + 33. Calculate y(12).
-51
Let p(t) = -13*t**2 - 6*t + 7. Determine p(3).
-128
Let q(u) = 2*u**3 - 3*u + 2. Calculate q(1).
1
Let k(a) = 2*a**2 - 15*a + 17. Calculate k(9).
44
Let b(c) = -8*c. Determine b(-1).
8
Let a(j) = j**2 - 10*j - 19. Determine a(12).
5
Let t(u) = -2*u**2 + 15*u + 5. Determine t(11).
-72
Let i(g) = g**3 + g**2 - 2*g - 3. Determine i(-2).
-3
Let q(r) = -76*r + 619. What is q(8)?
11
Let s(u) = -5*u + 8. Give s(-4).
28
Let m(b) = b**3 - 10*b**2 + 2*b - 13. Determine m(10).
7
Let n(z) = -97*z - 1164. Determine n(-12).
0
Let x(h) = -h**3 + 4*h**2 + 2*h - 6. Calculate x(4).
2
Let y(n) = 2*n + 9. What is y(-4)?
1
Let r(l) = -2*l - 102. Give r(-21).
-60
Let a(b) = b**3 - 35*b**2 + 31*b + 101. Determine a(34).
-1
Let t(a) = -a**2 + 6*a + 6. Determine t(-4).
-34
Let t(b) = -b**3 + 3*b**2 - 4*b + 3. Determine t(3).
-9
Let o(y) = y**2 + y + 20. Calculate o(0).
20
Let b(d) = d**2 + 21*d + 105. Determine b(-11).
-5
Let l(p) = -4*p**2 - 18*p + 2. Determine l(-4).
10
Let d(k) = k**2 - 12*k + 22. Give d(9).
-5
Let f(k) = -k**3 - 10*k**2 - 12*k + 21. Calculate f(-8).
-11
Let c(y) = -y**3 - 19*y**2 + 3*y + 60. What is c(-19)?
3
Let m(a) = -10*a + 488. Calculate m(49).
-2
Let t(g) = -g**3 + 6*g**2 - 3*g + 5. Give t(6).
-13
Let g(c) = -2*c**2 - 10*c + 3. Calculate g(-7).
-25
Let r(h) = 5*h + 9. Give r(-7).
-26
Let t(i) = 3*i**2 + 4*i + 2. Give t(-2).
6
Let h(r) = r**3 - 6*r**2 - 28*r + 172. Calculate h(6).
4
Let u(z) = z**2 + 10*z - 10. Give u(-10).
-10
Let w(h) = -h**3 - 40*h**2 - 76*h + 3. Determine w(-38).
3
Let v(r) = r**2 - 3*r - 1. Calculate v(5).
9
Let m(u) = -u**2 - 6*u - 1. Determine m(-8).
-17
Let f(a) = -a**2 + 6*a - 6. Give f(6).
-6
Let r(w) = w**2 + 7*w + 12. What is r(-6)?
6
Let u(v) = 2*v + 36. Calculate u(-16).
4
Let f(m) = 152*m + 775. Determine f(-5).
15
Let k(o) = 11*o + 17. Give k(-3).
-16
Let o(u) = -13*u**2 + 3*u - 4. Calculate o(2).
-50
Let d(w) = w**3 + 11*w**2 + 12*w + 17. What is d(-10)?
-3
Let a(m) = -5*m - 91. Give a(-19).
4
Let d(f) = 33*f + 7. What is d(-3)?
-92
Let d(n) = -n**2 + 12*n + 21. Give d(11).
32
Let v(r) = -r**2 - 4*r + 9. Give v(-5).
4
Let v(a) = 9*a + 7. Give v(-3).
-20
Let c(q) = q + 27. What is c(-11)?
16
Let s(d) = 17*d - 296. What is s(17)?
-7
Let b(v) = -v - 32. What is b(-15)?
-17
Let l(d) = 89*d + 352. What is l(-4)?
-4
Let o(t) = -t**3 - 12*t**2 + t + 3. Determine o(-12).
-9
Let k(c) = 27*c - 2. Determine k(-4).
-110
Let r(p) = -4*p**3 - 1. What is r(-2)?
31
Let k(j) = 2*j**2 + 7*j + 9. Give k(-5).
24
Let f(r) = -r**3 - 8*r**2 + 5*r - 21. Give f(-9).
15
Let t(y) = 19*y - 12. Determine t(-3).
-69
Let w(l) = l**3 - 14*l**2 + 13*l - 1. Determine w(13).
-1
Let r(z) = -12*z + 52. What is r(4)?
4
Let o(v) = -v**3 - 7*v**2 - 2*v - 14. What is o(-7)?
0
Let a(m) = -m**3 + 3*m**2 + m. Calculate a(3).
3
Let p(h) = 3*h + 25. What is p(-6)?
7
Let i(y) = y**3 - y**2 + 3*y - 3. Determine i(1).
0
Let n(v) = v**2 + 2*v - 8. What is n(-4)?
0
Let b(f) = -f**2 - f - 1. What is b(-4)?
-13
Let d(j) = 4*j + 5. What is d(7)?
33
Let p(s) = -s**3 - 11*s**2 - 6*s - 2. What is p(-10)?
-42
Let q(x) = 22*x + 2. What is q(1)?
24
Let s(i) = 13*i - 4. Give s(2).
22
Let v(w) = -w**3 - w**2 - 2*w - 1. Give v(-1).
1
Let f(w) = -11*w - 151. Give f(-14).
3
Let l(y) = y**2 + 21*y - 68. Determine l(-25).
32
Let w(h) = -6*h + 4. Give w(-17).
106
Let i(y) = y**2 + 46*y + 124. Determine i(-44).
36
Let k(v) = -2*v + 26. Give k(4).
18
Let h(g) = -5*g**3 + 4*g**2 + 4*g + 2. Calculate h(-2).
50
Let u(b) = b**2 - 7*b + 10. What is u(2)?
0
Let d(f) = f**3 + 7*f**2 + 2*f + 1. Calculate d(-7).
-13
Let u(t) = t**2 - 68*t + 2. Determine u(68).
2
Let g(q) = 5*q - 93. Determine g(17).
-8
Let k(m) = m**3 - 5*m**2 + 3*m + 8. Determine k(3).
-1
Let h(u) = u**2 - 11*u. What is h(11)?
0
Let x(y) = 87*y**3 + 5*y**2 - 2. Determine x(1).
90
Let k(m) = m**3 + 7*m**2 + 11*m + 30. Give k(-6).
0
Let h(v) = -2*v**3 + 19*v**2 + v + 2. Calculate h(10).
-88
Let b(g) = g**2 - g + 38. Calculate b(0).
38
Let r(d) = -d**2 - d. Calculate r(2).
-6
Let b(l) = l**3 + 67*l**2 + 309*l - 68. Determine b(-62).
-6
Let i(q) = -q**2 - 3*q + 63. Calculate i(7).
-7
Let b(o) = 3*o**2 + 9*o + 25. Calculate b(-6).
79
Let w(b) = -b**2 - 5*b + 17. Calculate w(4).
-19
Let h(a) = a**3 + 13*a**2 + 13*a + 12. Give h(-12).
0
Let c(m) = -2*m**2 + 86*m - 59. Give c(42).
25
Let z(a) = -a**3 - 6*a**2 - 2*a - 4. Determine z(-6).
8
Let z(u) = u**2 + 12*u - 8. Give z(-10).
-28
Let c(x) = 3*x - 31. Calculate c(0).
-31
Let b(g) = -14*g - 315. Give b(-23).
7
Let r(j) = j**3 + 5*j**2 - 5*j - 4. Determine r(-5).
21
Let u(t) = -t**3 - 9*t**2 + 11*t + 12. Determine u(-10).
2
Let u(j) = 35*j - 120. Determine u(3).
-15
Let m(s) = 2*s**3 + 11*s**2 - 3*s. Give m(-6).
-18
Let l(v) = -v**3 + 6*v**2 - 5*v - 23. Determine l(8).
-191
Let m(a) = a**2 - 15*a + 14. What is m(14)?
0
Let v(q) = -q**3 - 3*q**2. Calculate v(-3).
0
Let a(s) = 14*s**3 - s**2 + 2*s - 4. Give a(2).
108
Let n(o) = -o - 20. What is n(-12)?
-8
Let y(a) = 2*a**2 - 26*a + 4. Determine y(13).
4
Let z(d) = -2*d**2 - 42*d - 122. Calculate z(-17).
14
Let y(h) = 24*h + 5. Give y(1).
29
Let c(l) = 4*l + 6. Determine c(-1).
2
Let k(j) = -j**3 + j**2 - j - 2. Calculate k(2).
-8
Let r(q) = -6*q + 17. Calculate r(3).
-1
Let w(r) = -2*r**3 + 16*r**2 + 14*r + 21. Determine w(9).
-15
Let a(b) = 5*b + 117. Give a(0).
117
Let i(n) = -n**3 + 12*n**2 + 30*n - 30. Determine i(14).
-2
Let v(c) = c**2 + 23*c + 54. What is v(-19)?
-22
Let w(b) = 3*b + 67. What is w(-8)?
43
Let t(o) = -o - 26. Determine t(-5).
-21
Let q(n) = -22*n + 117. Give q(5).
7
Let l(k) = -2*k**2 + k + 8. What is l(-7)?
-97
Let j(x) = -39*x**3 - 2*x**2 + 2*x - 1. Determine j(1).
-40
Let r(q) = -q**2 + 11*q - 6. Calculate r(5).
24
Let o(d) = d**3 - 11*d**2 - 5*d + 47. Give o(11).
-8
Let v(x) = -x**2 + x + 2. Calculate v(-2).
-4
Let v(o) = -2*o**2 - 18*o - 10. Give v(-8).
6
Let m(s) = s**2 + 29*s - 173. Determine m(-34).
-3
Let a(r) = 4*r**3 - 67*r**2 - 21*r + 67. Determine a(17).
-1
Let b(g) = -g - 18. What is b(-9)?
-9
Let t(o) = -58*o + 1630. Calculate t(28).
6
Let r(g) = -2*g + 44. What is r(12)?
20
Let q(x) = -7*x - 17. What is q(-4)?
11
Let n(z) = 5*z**2 - 2*z + 1. Give n(2).
17
Let r(v) = -v**3 - v**2 + v - 36. Determine r(0).
-36
Let q(w) = -21*w**2 - 2*w - 1. Determine q(-1).
-20
Let u(x) = -x**3 - 7*x**2 - 9*x - 10. Calculate u(-6).
8
Let l(w) = w**3 + 7*w**2 - 8*w + 7. What is l(-8)?
7
Let k(g) = -g**2 + 6*g - 14. What is k(4)?
-6
Let g(v) = -v**2 + 6*v - 3. Determine g(5).
2
Let u(r) = -4*r**2 + 22*r - 9. Give u(7).
-51
Let k(x) = -17*x + 2. Calculate k(-1).
19
Let z(k) = k**3 - 18. What is z(0)?
-18
Let a(h) = h**2 - 46*h + 415. Determine a(35).
30
Let x(f) = f**3 - 3*f**2 + f + 4. Give x(3).
7
Let h(g) = -4*g**3 + 4*g**2 + 2*g + 1. Give h(-3).
139
Let p(b) = b**3 + 2*b**2 - 11*b - 2. Give p(-5).
-22
Let x(b) = -b**2 - 13*b + 4. Give x(-10).
34
Let w(h) = 3*h - 24. What is w(5)?
-9
Let d(q) = 174*q - 525. Calculate d(3).
-3
Let u(h) = -h**3 - 39*h**2 - 37*h + 36. Give u(-38).
-2
Let y(m) = 3*m + 34. What is y(-11)?
1
Let q(f) = -f**3 - 31*f**2 - 31*f - 37. Calculate q(-30).
-7
Let y(q) = -24*q + 12. Calculate y(-7).
180
Let n(y) = y**3 - 7*y**2 - 